{"id":7,"date":"2020-07-09T19:05:41","date_gmt":"2020-07-09T19:05:41","guid":{"rendered":"https:\/\/zpowerperu.com\/?page_id=7"},"modified":"2020-07-11T17:49:35","modified_gmt":"2020-07-11T17:49:35","slug":"servicios","status":"publish","type":"page","link":"https:\/\/zpowerperu.com\/?page_id=7","title":{"rendered":"Servicios"},"content":{"rendered":"\t\t<div data-elementor-type=\"wp-page\" data-elementor-id=\"7\" class=\"elementor elementor-7\">\n\t\t\t\t\t\t<section class=\"elementor-section elementor-top-section elementor-element elementor-element-bbba029 elementor-section-boxed elementor-section-height-default elementor-section-height-default elementor-invisible\" data-id=\"bbba029\" data-element_type=\"section\" data-settings=\"{&quot;background_background&quot;:&quot;slideshow&quot;,&quot;background_slideshow_gallery&quot;:[{&quot;id&quot;:67,&quot;url&quot;:&quot;https:\\\/\\\/zpowerperu.com\\\/wp-content\\\/uploads\\\/2020\\\/07\\\/bg1.png&quot;}],&quot;animation&quot;:&quot;fadeIn&quot;,&quot;background_slideshow_loop&quot;:&quot;yes&quot;,&quot;background_slideshow_slide_duration&quot;:5000,&quot;background_slideshow_slide_transition&quot;:&quot;fade&quot;,&quot;background_slideshow_transition_duration&quot;:500}\">\n\t\t\t\t\t\t<div class=\"elementor-container elementor-column-gap-default\">\n\t\t\t\t\t<div class=\"elementor-column elementor-col-100 elementor-top-column elementor-element elementor-element-6041d2c\" data-id=\"6041d2c\" data-element_type=\"column\">\n\t\t\t<div class=\"elementor-widget-wrap elementor-element-populated\">\n\t\t\t\t\t\t<div class=\"elementor-element elementor-element-2fe3a96 elementor-widget elementor-widget-spacer\" data-id=\"2fe3a96\" data-element_type=\"widget\" data-widget_type=\"spacer.default\">\n\t\t\t\t<div class=\"elementor-widget-container\">\n\t\t\t\t\t<div class=\"elementor-spacer\">\n\t\t\t<div class=\"elementor-spacer-inner\"><\/div>\n\t\t<\/div>\n\t\t\t\t<\/div>\n\t\t\t\t<\/div>\n\t\t\t\t<div class=\"elementor-element elementor-element-dfb2400 elementor-invisible elementor-widget elementor-widget-heading\" data-id=\"dfb2400\" data-element_type=\"widget\" data-settings=\"{&quot;_animation&quot;:&quot;fadeInUp&quot;}\" data-widget_type=\"heading.default\">\n\t\t\t\t<div class=\"elementor-widget-container\">\n\t\t\t<h2 class=\"elementor-heading-title elementor-size-default\">SERVICIOS<\/h2>\t\t<\/div>\n\t\t\t\t<\/div>\n\t\t\t\t<div class=\"elementor-element elementor-element-f9286ee elementor-widget elementor-widget-spacer\" data-id=\"f9286ee\" data-element_type=\"widget\" data-widget_type=\"spacer.default\">\n\t\t\t\t<div class=\"elementor-widget-container\">\n\t\t\t\t\t<div class=\"elementor-spacer\">\n\t\t\t<div class=\"elementor-spacer-inner\"><\/div>\n\t\t<\/div>\n\t\t\t\t<\/div>\n\t\t\t\t<\/div>\n\t\t\t\t\t<\/div>\n\t\t<\/div>\n\t\t\t\t\t<\/div>\n\t\t<\/section>\n\t\t\t\t<section class=\"elementor-section elementor-top-section elementor-element elementor-element-771ec56 elementor-section-boxed elementor-section-height-default elementor-section-height-default\" data-id=\"771ec56\" data-element_type=\"section\">\n\t\t\t\t\t\t<div class=\"elementor-container elementor-column-gap-default\">\n\t\t\t\t\t<div class=\"elementor-column elementor-col-100 elementor-top-column elementor-element elementor-element-2ecc277\" data-id=\"2ecc277\" data-element_type=\"column\">\n\t\t\t<div class=\"elementor-widget-wrap elementor-element-populated\">\n\t\t\t\t\t\t<section class=\"elementor-section elementor-inner-section elementor-element elementor-element-548bc81 elementor-section-boxed elementor-section-height-default elementor-section-height-default\" data-id=\"548bc81\" data-element_type=\"section\">\n\t\t\t\t\t\t<div class=\"elementor-container elementor-column-gap-default\">\n\t\t\t\t\t<div class=\"elementor-column elementor-col-33 elementor-inner-column elementor-element elementor-element-cffdf63\" data-id=\"cffdf63\" data-element_type=\"column\">\n\t\t\t<div class=\"elementor-widget-wrap\">\n\t\t\t\t\t\t\t<\/div>\n\t\t<\/div>\n\t\t\t\t<div class=\"elementor-column elementor-col-33 elementor-inner-column elementor-element elementor-element-0aedf0e elementor-invisible\" data-id=\"0aedf0e\" data-element_type=\"column\" data-settings=\"{&quot;animation&quot;:&quot;fadeInUp&quot;,&quot;animation_mobile&quot;:&quot;fadeIn&quot;}\">\n\t\t\t<div class=\"elementor-widget-wrap elementor-element-populated\">\n\t\t\t\t\t\t<div class=\"elementor-element elementor-element-6017cb7 elementor-widget elementor-widget-image\" data-id=\"6017cb7\" data-element_type=\"widget\" data-widget_type=\"image.default\">\n\t\t\t\t<div class=\"elementor-widget-container\">\n\t\t\t\t\t\t\t\t\t\t\t\t\t<img decoding=\"async\" width=\"207\" height=\"207\" src=\"https:\/\/zpowerperu.com\/wp-content\/uploads\/2020\/07\/s1.png\" class=\"attachment-large size-large wp-image-72\" alt=\"\" srcset=\"https:\/\/zpowerperu.com\/wp-content\/uploads\/2020\/07\/s1.png 207w, https:\/\/zpowerperu.com\/wp-content\/uploads\/2020\/07\/s1-150x150.png 150w\" sizes=\"(max-width: 207px) 100vw, 207px\" \/>\t\t\t\t\t\t\t\t\t\t\t\t\t<\/div>\n\t\t\t\t<\/div>\n\t\t\t\t\t<\/div>\n\t\t<\/div>\n\t\t\t\t<div class=\"elementor-column elementor-col-33 elementor-inner-column elementor-element elementor-element-d31d7f1 elementor-invisible\" data-id=\"d31d7f1\" data-element_type=\"column\" data-settings=\"{&quot;animation&quot;:&quot;fadeInRight&quot;,&quot;animation_mobile&quot;:&quot;fadeIn&quot;}\">\n\t\t\t<div class=\"elementor-widget-wrap elementor-element-populated\">\n\t\t\t\t\t\t<div class=\"elementor-element elementor-element-f988923 elementor-widget elementor-widget-heading\" data-id=\"f988923\" data-element_type=\"widget\" data-widget_type=\"heading.default\">\n\t\t\t\t<div class=\"elementor-widget-container\">\n\t\t\t<h2 class=\"elementor-heading-title elementor-size-default\">VENTA DE UPS Y ESTABILIZADORES DE VOLTAJE<\/h2>\t\t<\/div>\n\t\t\t\t<\/div>\n\t\t\t\t<div class=\"elementor-element elementor-element-58d591d elementor-widget elementor-widget-text-editor\" data-id=\"58d591d\" data-element_type=\"widget\" data-widget_type=\"text-editor.default\">\n\t\t\t\t<div class=\"elementor-widget-container\">\n\t\t\t\t\t\t\t<p>&#8211; UPS interactivo<br \/>&#8211; UPS True On Line Monof\u00e1sicos, Trif\u00e1sicos (Tri \u2013 Tri, Tri \u2013 Mono)<br \/>&#8211; Estabilizadores de voltaje de Estado S\u00f3lido y Ferroresonante.<br \/>&#8211; An\u00e1lisis de su necesidad y c\u00e1lculo de la potencia requerida<\/p>\t\t\t\t\t\t<\/div>\n\t\t\t\t<\/div>\n\t\t\t\t\t<\/div>\n\t\t<\/div>\n\t\t\t\t\t<\/div>\n\t\t<\/section>\n\t\t\t\t<section class=\"elementor-section elementor-inner-section elementor-element elementor-element-e07ab65 elementor-section-boxed elementor-section-height-default elementor-section-height-default\" data-id=\"e07ab65\" data-element_type=\"section\">\n\t\t\t\t\t\t<div class=\"elementor-container elementor-column-gap-default\">\n\t\t\t\t\t<div class=\"elementor-column elementor-col-33 elementor-inner-column elementor-element elementor-element-09d6d3c\" data-id=\"09d6d3c\" data-element_type=\"column\">\n\t\t\t<div class=\"elementor-widget-wrap\">\n\t\t\t\t\t\t\t<\/div>\n\t\t<\/div>\n\t\t\t\t<div class=\"elementor-column elementor-col-33 elementor-inner-column elementor-element elementor-element-8c714ec elementor-invisible\" data-id=\"8c714ec\" data-element_type=\"column\" data-settings=\"{&quot;animation&quot;:&quot;fadeInUp&quot;,&quot;animation_mobile&quot;:&quot;fadeIn&quot;}\">\n\t\t\t<div class=\"elementor-widget-wrap elementor-element-populated\">\n\t\t\t\t\t\t<div class=\"elementor-element elementor-element-f3ba98e elementor-widget elementor-widget-image\" data-id=\"f3ba98e\" data-element_type=\"widget\" data-widget_type=\"image.default\">\n\t\t\t\t<div class=\"elementor-widget-container\">\n\t\t\t\t\t\t\t\t\t\t\t\t\t<img decoding=\"async\" width=\"207\" height=\"207\" src=\"https:\/\/zpowerperu.com\/wp-content\/uploads\/2020\/07\/s1.png\" class=\"attachment-large size-large wp-image-72\" alt=\"\" srcset=\"https:\/\/zpowerperu.com\/wp-content\/uploads\/2020\/07\/s1.png 207w, https:\/\/zpowerperu.com\/wp-content\/uploads\/2020\/07\/s1-150x150.png 150w\" sizes=\"(max-width: 207px) 100vw, 207px\" \/>\t\t\t\t\t\t\t\t\t\t\t\t\t<\/div>\n\t\t\t\t<\/div>\n\t\t\t\t\t<\/div>\n\t\t<\/div>\n\t\t\t\t<div class=\"elementor-column elementor-col-33 elementor-inner-column elementor-element elementor-element-926bddd elementor-invisible\" data-id=\"926bddd\" data-element_type=\"column\" data-settings=\"{&quot;animation&quot;:&quot;fadeInRight&quot;,&quot;animation_mobile&quot;:&quot;fadeIn&quot;}\">\n\t\t\t<div class=\"elementor-widget-wrap elementor-element-populated\">\n\t\t\t\t\t\t<div class=\"elementor-element elementor-element-b417c3a elementor-widget elementor-widget-heading\" data-id=\"b417c3a\" data-element_type=\"widget\" data-widget_type=\"heading.default\">\n\t\t\t\t<div class=\"elementor-widget-container\">\n\t\t\t<h2 class=\"elementor-heading-title elementor-size-default\">INSTALACI\u00d3N DE UPS<\/h2>\t\t<\/div>\n\t\t\t\t<\/div>\n\t\t\t\t<div class=\"elementor-element elementor-element-ee6daf9 elementor-widget elementor-widget-text-editor\" data-id=\"ee6daf9\" data-element_type=\"widget\" data-widget_type=\"text-editor.default\">\n\t\t\t\t<div class=\"elementor-widget-container\">\n\t\t\t\t\t\t\t<p>&#8211; Instalaci\u00f3n de UPS utilizando materiales y herramientas de calidad.<\/p>\t\t\t\t\t\t<\/div>\n\t\t\t\t<\/div>\n\t\t\t\t\t<\/div>\n\t\t<\/div>\n\t\t\t\t\t<\/div>\n\t\t<\/section>\n\t\t\t\t<section class=\"elementor-section elementor-inner-section elementor-element elementor-element-a4346d2 elementor-section-boxed elementor-section-height-default elementor-section-height-default\" data-id=\"a4346d2\" data-element_type=\"section\">\n\t\t\t\t\t\t<div class=\"elementor-container elementor-column-gap-default\">\n\t\t\t\t\t<div class=\"elementor-column elementor-col-33 elementor-inner-column elementor-element elementor-element-7a4f058\" data-id=\"7a4f058\" data-element_type=\"column\">\n\t\t\t<div class=\"elementor-widget-wrap\">\n\t\t\t\t\t\t\t<\/div>\n\t\t<\/div>\n\t\t\t\t<div class=\"elementor-column elementor-col-33 elementor-inner-column elementor-element elementor-element-8a00d4a elementor-invisible\" data-id=\"8a00d4a\" data-element_type=\"column\" data-settings=\"{&quot;animation&quot;:&quot;fadeInUp&quot;,&quot;animation_mobile&quot;:&quot;fadeIn&quot;}\">\n\t\t\t<div class=\"elementor-widget-wrap elementor-element-populated\">\n\t\t\t\t\t\t<div class=\"elementor-element elementor-element-25e5d1a elementor-widget elementor-widget-image\" data-id=\"25e5d1a\" data-element_type=\"widget\" data-widget_type=\"image.default\">\n\t\t\t\t<div class=\"elementor-widget-container\">\n\t\t\t\t\t\t\t\t\t\t\t\t\t<img decoding=\"async\" width=\"207\" height=\"207\" src=\"https:\/\/zpowerperu.com\/wp-content\/uploads\/2020\/07\/s1.png\" class=\"attachment-large size-large wp-image-72\" alt=\"\" srcset=\"https:\/\/zpowerperu.com\/wp-content\/uploads\/2020\/07\/s1.png 207w, https:\/\/zpowerperu.com\/wp-content\/uploads\/2020\/07\/s1-150x150.png 150w\" sizes=\"(max-width: 207px) 100vw, 207px\" \/>\t\t\t\t\t\t\t\t\t\t\t\t\t<\/div>\n\t\t\t\t<\/div>\n\t\t\t\t\t<\/div>\n\t\t<\/div>\n\t\t\t\t<div class=\"elementor-column elementor-col-33 elementor-inner-column elementor-element elementor-element-1072fd7 elementor-invisible\" data-id=\"1072fd7\" data-element_type=\"column\" data-settings=\"{&quot;animation&quot;:&quot;fadeInRight&quot;,&quot;animation_mobile&quot;:&quot;fadeIn&quot;}\">\n\t\t\t<div class=\"elementor-widget-wrap elementor-element-populated\">\n\t\t\t\t\t\t<div class=\"elementor-element elementor-element-10d4784 elementor-widget elementor-widget-heading\" data-id=\"10d4784\" data-element_type=\"widget\" data-widget_type=\"heading.default\">\n\t\t\t\t<div class=\"elementor-widget-container\">\n\t\t\t<h2 class=\"elementor-heading-title elementor-size-default\">MANTENIMIENTO PREVENTIVO \/ CORRECTIVO DE UPS<\/h2>\t\t<\/div>\n\t\t\t\t<\/div>\n\t\t\t\t<div class=\"elementor-element elementor-element-85bf330 elementor-widget elementor-widget-text-editor\" data-id=\"85bf330\" data-element_type=\"widget\" data-widget_type=\"text-editor.default\">\n\t\t\t\t<div class=\"elementor-widget-container\">\n\t\t\t\t\t\t\t<p>&#8211; Revisi\u00f3n In Situ del UPS.<br \/>&#8211; Mantenimiento preventivo peri\u00f3dico, para evitar el deterioro del UPS debido a las condiciones operativas y factores ambientales como el polvo o humedad.<br \/>&#8211; Informe de servicio detallado con recomendaciones para mantener en buenas condiciones los equipos de protecci\u00f3n el\u00e9ctrica.<\/p>\t\t\t\t\t\t<\/div>\n\t\t\t\t<\/div>\n\t\t\t\t\t<\/div>\n\t\t<\/div>\n\t\t\t\t\t<\/div>\n\t\t<\/section>\n\t\t\t\t<section class=\"elementor-section elementor-inner-section elementor-element elementor-element-d211e2a elementor-section-boxed elementor-section-height-default elementor-section-height-default\" data-id=\"d211e2a\" data-element_type=\"section\">\n\t\t\t\t\t\t<div class=\"elementor-container elementor-column-gap-default\">\n\t\t\t\t\t<div class=\"elementor-column elementor-col-33 elementor-inner-column elementor-element elementor-element-0c527a3\" data-id=\"0c527a3\" data-element_type=\"column\">\n\t\t\t<div class=\"elementor-widget-wrap\">\n\t\t\t\t\t\t\t<\/div>\n\t\t<\/div>\n\t\t\t\t<div class=\"elementor-column elementor-col-33 elementor-inner-column elementor-element elementor-element-7746f95 elementor-invisible\" data-id=\"7746f95\" data-element_type=\"column\" data-settings=\"{&quot;animation&quot;:&quot;fadeInUp&quot;,&quot;animation_mobile&quot;:&quot;fadeIn&quot;}\">\n\t\t\t<div class=\"elementor-widget-wrap elementor-element-populated\">\n\t\t\t\t\t\t<div class=\"elementor-element elementor-element-ea215f2 elementor-widget elementor-widget-image\" data-id=\"ea215f2\" data-element_type=\"widget\" data-widget_type=\"image.default\">\n\t\t\t\t<div class=\"elementor-widget-container\">\n\t\t\t\t\t\t\t\t\t\t\t\t\t<img decoding=\"async\" width=\"207\" height=\"207\" src=\"https:\/\/zpowerperu.com\/wp-content\/uploads\/2020\/07\/s1.png\" class=\"attachment-large size-large wp-image-72\" alt=\"\" srcset=\"https:\/\/zpowerperu.com\/wp-content\/uploads\/2020\/07\/s1.png 207w, https:\/\/zpowerperu.com\/wp-content\/uploads\/2020\/07\/s1-150x150.png 150w\" sizes=\"(max-width: 207px) 100vw, 207px\" \/>\t\t\t\t\t\t\t\t\t\t\t\t\t<\/div>\n\t\t\t\t<\/div>\n\t\t\t\t\t<\/div>\n\t\t<\/div>\n\t\t\t\t<div class=\"elementor-column elementor-col-33 elementor-inner-column elementor-element elementor-element-a8a8d26 elementor-invisible\" data-id=\"a8a8d26\" data-element_type=\"column\" data-settings=\"{&quot;animation&quot;:&quot;fadeInRight&quot;,&quot;animation_mobile&quot;:&quot;fadeIn&quot;}\">\n\t\t\t<div class=\"elementor-widget-wrap elementor-element-populated\">\n\t\t\t\t\t\t<div class=\"elementor-element elementor-element-3429e4e elementor-widget elementor-widget-heading\" data-id=\"3429e4e\" data-element_type=\"widget\" data-widget_type=\"heading.default\">\n\t\t\t\t<div class=\"elementor-widget-container\">\n\t\t\t<h2 class=\"elementor-heading-title elementor-size-default\">REPARACI\u00d3N DE UPS<\/h2>\t\t<\/div>\n\t\t\t\t<\/div>\n\t\t\t\t<div class=\"elementor-element elementor-element-f69b44d elementor-widget elementor-widget-text-editor\" data-id=\"f69b44d\" data-element_type=\"widget\" data-widget_type=\"text-editor.default\">\n\t\t\t\t<div class=\"elementor-widget-container\">\n\t\t\t\t\t\t\t<p>&#8211; Diagn\u00f3stico de la falla<br \/>&#8211; Reparamos los UPS utilizando componentes originales de la mejor calidad.<br \/>&#8211; Si es necesario reemplazar las bater\u00edas, utilizamos bater\u00edas Yuasa o CSB Hitachi, que son las mejores para los equipos de protecci\u00f3n el\u00e9ctrica.<br \/>&#8211; Trabajamos con las siguientes marcas: Centralion, Emerson, Powerware, Salicru, CDP, APC, Eaton, Liebert.<\/p>\t\t\t\t\t\t<\/div>\n\t\t\t\t<\/div>\n\t\t\t\t\t<\/div>\n\t\t<\/div>\n\t\t\t\t\t<\/div>\n\t\t<\/section>\n\t\t\t\t\t<\/div>\n\t\t<\/div>\n\t\t\t\t\t<\/div>\n\t\t<\/section>\n\t\t\t\t<\/div>\n\t\t","protected":false},"excerpt":{"rendered":"<p>SERVICIOS VENTA DE UPS Y ESTABILIZADORES DE VOLTAJE &#8211; UPS interactivo&#8211; UPS True On Line Monof\u00e1sicos, Trif\u00e1sicos (Tri \u2013 Tri, Tri \u2013 Mono)&#8211; Estabilizadores de voltaje de Estado S\u00f3lido y Ferroresonante.&#8211; An\u00e1lisis de su necesidad y c\u00e1lculo de la potencia requerida INSTALACI\u00d3N DE UPS &#8211; Instalaci\u00f3n de UPS utilizando materiales y herramientas de calidad. MANTENIMIENTO &hellip;<\/p>\n<p class=\"read-more\"> <a class=\"\" href=\"https:\/\/zpowerperu.com\/?page_id=7\"> <span class=\"screen-reader-text\">Servicios<\/span> Leer m\u00e1s &raquo;<\/a><\/p>\n","protected":false},"author":1,"featured_media":0,"parent":0,"menu_order":0,"comment_status":"closed","ping_status":"closed","template":"elementor_header_footer","meta":{"site-sidebar-layout":"no-sidebar","site-content-layout":"page-builder","ast-global-header-display":"","ast-main-header-display":"","ast-hfb-above-header-display":"","ast-hfb-below-header-display":"","ast-hfb-mobile-header-display":"","site-post-title":"disabled","ast-breadcrumbs-content":"","ast-featured-img":"disabled","footer-sml-layout":"","theme-transparent-header-meta":"default","adv-header-id-meta":"","stick-header-meta":"","header-above-stick-meta":"","header-main-stick-meta":"","header-below-stick-meta":"","footnotes":""},"class_list":["post-7","page","type-page","status-publish","hentry"],"yoast_head":"<!-- This site is optimized with the Yoast SEO plugin v19.6 - https:\/\/yoast.com\/wordpress\/plugins\/seo\/ -->\n<title>Servicios - Z Power Peru<\/title>\n<meta name=\"robots\" content=\"index, follow, max-snippet:-1, max-image-preview:large, max-video-preview:-1\" \/>\n<link rel=\"canonical\" href=\"https:\/\/zpowerperu.com\/?page_id=7\" \/>\n<meta property=\"og:locale\" content=\"es_ES\" \/>\n<meta property=\"og:type\" content=\"article\" \/>\n<meta property=\"og:title\" content=\"Servicios - Z Power Peru\" \/>\n<meta property=\"og:description\" content=\"SERVICIOS VENTA DE UPS Y ESTABILIZADORES DE VOLTAJE &#8211; UPS interactivo&#8211; UPS True On Line Monof\u00e1sicos, Trif\u00e1sicos (Tri \u2013 Tri, Tri \u2013 Mono)&#8211; Estabilizadores de voltaje de Estado S\u00f3lido y Ferroresonante.&#8211; An\u00e1lisis de su necesidad y c\u00e1lculo de la potencia requerida INSTALACI\u00d3N DE UPS &#8211; Instalaci\u00f3n de UPS utilizando materiales y herramientas de calidad. MANTENIMIENTO &hellip; Servicios Leer m\u00e1s &raquo;\" \/>\n<meta property=\"og:url\" content=\"https:\/\/zpowerperu.com\/?page_id=7\" \/>\n<meta property=\"og:site_name\" content=\"Z Power Peru\" \/>\n<meta property=\"article:publisher\" content=\"https:\/\/www.facebook.com\/profile.php?id=100018909332775\" \/>\n<meta property=\"article:modified_time\" content=\"2020-07-11T17:49:35+00:00\" \/>\n<meta property=\"og:image\" content=\"https:\/\/zpowerperu.com\/wp-content\/uploads\/2020\/07\/s1.png\" \/>\n<meta name=\"twitter:label1\" content=\"Tiempo de lectura\" \/>\n\t<meta name=\"twitter:data1\" content=\"1 minuto\" \/>\n<script type=\"application\/ld+json\" class=\"yoast-schema-graph\">{\"@context\":\"https:\/\/schema.org\",\"@graph\":[{\"@type\":\"WebPage\",\"@id\":\"https:\/\/zpowerperu.com\/?page_id=7\",\"url\":\"https:\/\/zpowerperu.com\/?page_id=7\",\"name\":\"Servicios - Z Power Peru\",\"isPartOf\":{\"@id\":\"https:\/\/zpowerperu.com\/#website\"},\"datePublished\":\"2020-07-09T19:05:41+00:00\",\"dateModified\":\"2020-07-11T17:49:35+00:00\",\"breadcrumb\":{\"@id\":\"https:\/\/zpowerperu.com\/?page_id=7#breadcrumb\"},\"inLanguage\":\"es\",\"potentialAction\":[{\"@type\":\"ReadAction\",\"target\":[\"https:\/\/zpowerperu.com\/?page_id=7\"]}]},{\"@type\":\"BreadcrumbList\",\"@id\":\"https:\/\/zpowerperu.com\/?page_id=7#breadcrumb\",\"itemListElement\":[{\"@type\":\"ListItem\",\"position\":1,\"name\":\"Inicio\",\"item\":\"https:\/\/zpowerperu.com\/\"},{\"@type\":\"ListItem\",\"position\":2,\"name\":\"Servicios\"}]},{\"@type\":\"WebSite\",\"@id\":\"https:\/\/zpowerperu.com\/#website\",\"url\":\"https:\/\/zpowerperu.com\/\",\"name\":\"Z Power Peru\",\"description\":\"\",\"publisher\":{\"@id\":\"https:\/\/zpowerperu.com\/#organization\"},\"potentialAction\":[{\"@type\":\"SearchAction\",\"target\":{\"@type\":\"EntryPoint\",\"urlTemplate\":\"https:\/\/zpowerperu.com\/?s={search_term_string}\"},\"query-input\":\"required name=search_term_string\"}],\"inLanguage\":\"es\"},{\"@type\":\"Organization\",\"@id\":\"https:\/\/zpowerperu.com\/#organization\",\"name\":\"Z Power Peru\",\"url\":\"https:\/\/zpowerperu.com\/\",\"sameAs\":[\"https:\/\/www.facebook.com\/profile.php?id=100018909332775\"],\"logo\":{\"@type\":\"ImageObject\",\"inLanguage\":\"es\",\"@id\":\"https:\/\/zpowerperu.com\/#\/schema\/logo\/image\/\",\"url\":\"https:\/\/zpowerperu.com\/wp-content\/uploads\/2020\/07\/cropped-logo.png\",\"contentUrl\":\"https:\/\/zpowerperu.com\/wp-content\/uploads\/2020\/07\/cropped-logo.png\",\"width\":128,\"height\":81,\"caption\":\"Z Power Peru\"},\"image\":{\"@id\":\"https:\/\/zpowerperu.com\/#\/schema\/logo\/image\/\"}}]}<\/script>\n<!-- \/ Yoast SEO plugin. -->","yoast_head_json":{"title":"Servicios - Z Power Peru","robots":{"index":"index","follow":"follow","max-snippet":"max-snippet:-1","max-image-preview":"max-image-preview:large","max-video-preview":"max-video-preview:-1"},"canonical":"https:\/\/zpowerperu.com\/?page_id=7","og_locale":"es_ES","og_type":"article","og_title":"Servicios - Z Power Peru","og_description":"SERVICIOS VENTA DE UPS Y ESTABILIZADORES DE VOLTAJE &#8211; UPS interactivo&#8211; UPS True On Line Monof\u00e1sicos, Trif\u00e1sicos (Tri \u2013 Tri, Tri \u2013 Mono)&#8211; Estabilizadores de voltaje de Estado S\u00f3lido y Ferroresonante.&#8211; An\u00e1lisis de su necesidad y c\u00e1lculo de la potencia requerida INSTALACI\u00d3N DE UPS &#8211; Instalaci\u00f3n de UPS utilizando materiales y herramientas de calidad. MANTENIMIENTO &hellip; Servicios Leer m\u00e1s &raquo;","og_url":"https:\/\/zpowerperu.com\/?page_id=7","og_site_name":"Z Power Peru","article_publisher":"https:\/\/www.facebook.com\/profile.php?id=100018909332775","article_modified_time":"2020-07-11T17:49:35+00:00","og_image":[{"url":"https:\/\/zpowerperu.com\/wp-content\/uploads\/2020\/07\/s1.png"}],"twitter_misc":{"Tiempo de lectura":"1 minuto"},"schema":{"@context":"https:\/\/schema.org","@graph":[{"@type":"WebPage","@id":"https:\/\/zpowerperu.com\/?page_id=7","url":"https:\/\/zpowerperu.com\/?page_id=7","name":"Servicios - Z Power Peru","isPartOf":{"@id":"https:\/\/zpowerperu.com\/#website"},"datePublished":"2020-07-09T19:05:41+00:00","dateModified":"2020-07-11T17:49:35+00:00","breadcrumb":{"@id":"https:\/\/zpowerperu.com\/?page_id=7#breadcrumb"},"inLanguage":"es","potentialAction":[{"@type":"ReadAction","target":["https:\/\/zpowerperu.com\/?page_id=7"]}]},{"@type":"BreadcrumbList","@id":"https:\/\/zpowerperu.com\/?page_id=7#breadcrumb","itemListElement":[{"@type":"ListItem","position":1,"name":"Inicio","item":"https:\/\/zpowerperu.com\/"},{"@type":"ListItem","position":2,"name":"Servicios"}]},{"@type":"WebSite","@id":"https:\/\/zpowerperu.com\/#website","url":"https:\/\/zpowerperu.com\/","name":"Z Power Peru","description":"","publisher":{"@id":"https:\/\/zpowerperu.com\/#organization"},"potentialAction":[{"@type":"SearchAction","target":{"@type":"EntryPoint","urlTemplate":"https:\/\/zpowerperu.com\/?s={search_term_string}"},"query-input":"required name=search_term_string"}],"inLanguage":"es"},{"@type":"Organization","@id":"https:\/\/zpowerperu.com\/#organization","name":"Z Power Peru","url":"https:\/\/zpowerperu.com\/","sameAs":["https:\/\/www.facebook.com\/profile.php?id=100018909332775"],"logo":{"@type":"ImageObject","inLanguage":"es","@id":"https:\/\/zpowerperu.com\/#\/schema\/logo\/image\/","url":"https:\/\/zpowerperu.com\/wp-content\/uploads\/2020\/07\/cropped-logo.png","contentUrl":"https:\/\/zpowerperu.com\/wp-content\/uploads\/2020\/07\/cropped-logo.png","width":128,"height":81,"caption":"Z Power Peru"},"image":{"@id":"https:\/\/zpowerperu.com\/#\/schema\/logo\/image\/"}}]}},"_links":{"self":[{"href":"https:\/\/zpowerperu.com\/index.php?rest_route=\/wp\/v2\/pages\/7"}],"collection":[{"href":"https:\/\/zpowerperu.com\/index.php?rest_route=\/wp\/v2\/pages"}],"about":[{"href":"https:\/\/zpowerperu.com\/index.php?rest_route=\/wp\/v2\/types\/page"}],"author":[{"embeddable":true,"href":"https:\/\/zpowerperu.com\/index.php?rest_route=\/wp\/v2\/users\/1"}],"replies":[{"embeddable":true,"href":"https:\/\/zpowerperu.com\/index.php?rest_route=%2Fwp%2Fv2%2Fcomments&post=7"}],"version-history":[{"count":1,"href":"https:\/\/zpowerperu.com\/index.php?rest_route=\/wp\/v2\/pages\/7\/revisions"}],"predecessor-version":[{"id":25159,"href":"https:\/\/zpowerperu.com\/index.php?rest_route=\/wp\/v2\/pages\/7\/revisions\/25159"}],"wp:attachment":[{"href":"https:\/\/zpowerperu.com\/index.php?rest_route=%2Fwp%2Fv2%2Fmedia&parent=7"}],"curies":[{"name":"wp","href":"https:\/\/api.w.org\/{rel}","templated":true}]}}